
-4
Let s(h) be the third derivative of -h**4/24 + h**3/2 - 3*h**2. What is s(6)?
-3
Suppose 3*k = k - 2*a - 2, 5*a = 3*k + 35. Let r(z) = z**2 + 7*z. Let x(m) = m. Let f(j) = r(j) - x(j). What is f(k)?
-5
Let f(z) = 9*z + 4. Let x(b) = b + 1. Let o(l) = l**3 + 13*l**2 + 11*l - 13. Let u be o(-12). Let n(d) = u*f(d) + 4*x(d). Give n(-2).
10
Let y(q) be the second derivative of -q**4/6 + 4*q**3/3 - 3*q**2/2 - 9*q. What is y(5)?
-13
Let x = -9 + 13. Suppose -8 = -2*z - x*r, 0*z - 2 = -2*z + 2*r. Suppose z*f + a - 10 = 0, 3*a = 3*f - 0*f - 6. Let q(k) = k**2 - 2*k - 2. Calculate q(f).
6
Let y be 1*-3*2 + 4. Let v(c) = 3*c**3 + 3*c**2 - 7*c - 1. Let r(w) = 10*w**3 + 8*w**2 - 21*w - 2. Let d(a) = y*r(a) + 7*v(a). Calculate d(-6).
3
Let m(j) = 5*j - 2. Let b = 1 + -1. Suppose z + 1 + 5 = b. Let x = -3 - z. What is m(x)?
13
Let l(x) = -x**2 + 2*x + 4. Let m(f) = f + 1. Let i be m(-6). Let s = 10 + i. Give l(s).
-11
Let u(k) = 20*k + 5. Let j(x) = 4*x + 1. Let t(g) = -11*j(g) + 2*u(g). Give t(1).
-5
Let i(h) = 3 - 1 + 2 - 3 + 2*h. Calculate i(6).
13
Suppose 35 = -4*p + 5*a, 4*p - 2*a = a - 29. Let c = 5 + p. Let s(b) = c*b**2 - 4*b**2 - 4*b + 5*b**2 - 2. What is s(3)?
-5
Let t(a) = a**3 - a - 5. Let r(p) = -p**3 + p + 6. Let c(z) = -6*r(z) - 7*t(z). Suppose 0*l - 2 = -l. Calculate c(l).
-7
Let k be 0 + -1 + 1 + 0. Let b(g) = -g**2 - g - 12. Calculate b(k).
-12
Let o = -12 - -4. Let a be ((-20)/o)/(1/2). Suppose a*r = 2*r - 15. Let d(f) = -f + 2. Calculate d(r).
7
Suppose 0 = -3*b - 5*j - 14, j + 8 = 5*j. Let p be (9/(-6))/((-6)/b). Let z be 1*(3 + p)/1. Let a(l) = 2*l**2 + 1. Give a(z).
3
Let s(v) = v**3 - 3*v**2 - v - 3. Let p be (-4)/(-18) + (-510)/(-135). Give s(p).
9
Let b(n) = -10 - 9 - 13 + 27 + 6*n**2 - n**3. Give b(6).
-5
Let n be (-4 - (-27)/6)*6. Let k(f) be the second derivative of -1/12*f**4 - 1/3*f**3 + 0 + n*f - 1/2*f**5 - 1/2*f**2. What is k(-1)?
10
Let x(w) be the second derivative of w**4/12 + w**3/3 + 5*w**2/2 - 33*w. Give x(-5).
20
Let m(q) = q**3 - 5*q**2 + 7*q - 2. Let f(g) = 5*g**3 - 25*g**2 + 35*g - 9. Let k(u) = 2*f(u) - 11*m(u). Give k(4).
-8
Let t(p) = -1 - 3*p**3 + 5*p**3 + 3*p**3 + 2*p**2 - 3*p**3. What is t(-1)?
-1
Let s be (1/((-3)/9))/((-9)/(-15)). Let z(b) = b - 6. What is z(s)?
-11
Suppose 2*n + 18 = 5*n. Suppose u = n*u - 25. Let y(o) = 3*o**2 + 8*o + 15. Let x(q) = -5*q**2 - 12*q - 23. Let r(m) = 5*x(m) + 8*y(m). What is r(u)?
0
Let n(p) = -6*p**2 + p + 7. Let f(m) = -5*m**2 + m + 6. Suppose -2*r - 2*r = 0. Suppose 3*l + r*l + 12 = 0. Let o(u) = l*n(u) + 5*f(u). Determine o(-2).
-4
Let l(h) = -6 + 4*h - 4*h - 4*h. Determine l(-4).
10
Let t = -12 + 17. Suppose -3*c + f - t*f + 23 = 0, 4 = 2*f. Let l(p) = -p**3 + 6*p**2 - 6*p - 1. What is l(c)?
-6
Let y(b) = 7*b**2 - b - 1. Let w(t) = -t - 9. Suppose 0 = -0*a - 5*a + 10. Suppose -2*i - 2*p = 14, 6*i = i - a*p - 38. Let m be w(i). Calculate y(m).
7
Let n(b) = -b + 2. Let k be n(4). Let h be k/2 + -2 + 3. Suppose 4*c - 5*z + 2 = h, -c + 5*z + 1 = 2*c. Let w(d) = d**2 + 2*d - 3. Determine w(c).
0
Let r(u) = u**2 + 2*u - 7. Let b(c) = c**2 - 8*c - 13. Let g be b(11). Suppose 2*x - g = 6*x. Calculate r(x).
8
Suppose -j = 3 + 2. Let o be 2/j + 68/20. Let x(m) = -m. Let g(i) = i. Let s(n) = 3*g(n) + 2*x(n). Calculate s(o).
3
Suppose 0*f - 12 = 2*f. Let c be (-3)/(-9) + 14/f. Let t(i) = -i + 3*i**3 + 2*i - 2*i**3 + i**2. Give t(c).
-6
Let r(i) = 254*i - 1 - 250*i + 3 - 5. Give r(-3).
-15
Let l(c) = c**3 - 8*c**2 + 6*c + 10. Let s be l(7). Let b(k) = k**2 - 4*k + 1. Let n(f) = f**2 - 4*f + 1. Let z(m) = -4*b(m) + 5*n(m). Calculate z(s).
-2
Suppose -5*u + 2*b = -11, 3*u - 4*b = -7*b + 15. Let o(c) = 0*c + 3*c**2 - 2*c - 2 - c**3 + 4. Let l be o(u). Let n(k) = k - 2. Determine n(l).
-6
Suppose -6*s = -10*s. Let g(x) = -x**3 - x**2 + x + 5. Determine g(s).
5
Let f = 4 + -1. Let l(s) = -2*s + 3. Let x be l(f). Let r(d) = d**2 + d. Let o(w) = 3*w**2 + 6*w - 1. Let j(v) = -o(v) + 2*r(v). Determine j(x).
4
Let y(w) = -w**3 - 7*w**2 - 5*w + 6. Suppose -3*n + 3*o - 39 = 0, 0*n - 4*o = 5*n + 56. Let q = 6 + n. Give y(q).
0
Let a(c) = -4*c - 2 + 0 - 6 + 0 + c**2. Determine a(6).
4
Let h(t) = t + 7. Suppose 0 = 6*m + 25 + 17. Calculate h(m).
0
Let t(v) be the second derivative of v**3/2 - v**2/2 + 12*v. Give t(-1).
-4
Let m(l) = -l**2 - 6*l + 5. Let o(y) = -y**2 + 6*y - 1. Let k be o(5). Let d be (-100)/16 + k/16. What is m(d)?
5
Let v(p) be the second derivative of p**5/20 - 5*p**4/12 + 2*p**3/3 - 3*p**2/2 + 27*p. Suppose -3 - 17 = -5*n. Let l be v(n). Let s(z) = -z**2 + 4. Give s(l).
-5
Let d be (4/6)/((-1)/(-3)). Suppose 2*m = 3*m - d*y - 8, -y = 4*m + 4. Let f(g) = -4 + 3 + g - 5. Determine f(m).
-6
Let y(g) be the third derivative of 0 - 1/120*g**6 + 0*g + g**2 + 0*g**5 + 0*g**4 - 2/3*g**3. Calculate y(0).
-4
Let o(r) = -r**3 - 9*r**2 - 7*r + 5. Let a = 108 + -116. Calculate o(a).
-3
Let j = -50 + 48. Let n(f) = -f**3 + f**2 + 2. Give n(j).
14
Let t be (2*2)/(3/3). Let l be -2 - t/(0 - -1). Let d(z) = 4*z + 6. Let f(o) = -13*o - 17. Let n(a) = 7*d(a) + 2*f(a). What is n(l)?
-4
Let o = 0 - 2. Let b be (-2)/(-1) + o + 4. Let k(g) = 0*g**2 + 3 - 3*g**2 + 5*g + b*g**2. Give k(-2).
-3
Let q(r) = 2*r + 8. Let w(s) = -3*s - 9. Let d(b) = -4*q(b) - 3*w(b). Give d(-4).
-9
Let z be ((-30)/4)/((-6)/8). Let j = -16 + z. Let o(u) = -u**2 - 10*u - 8. Let y(b) = -2*b**2 - 19*b - 15. Let p(g) = 5*o(g) - 3*y(g). Calculate p(j).
-1
Suppose 0 = h - 4*h - 12. Let g(u) be the first derivative of u**3/3 + 5*u**2/2 - 3*u - 1. What is g(h)?
-7
Let u = -74 - -224/3. Let r(i) be the first derivative of -u*i**3 + 0*i + 0*i**2 - 2. Give r(-1).
-2
Let b(g) = g**2 - 10*g + 12. Let o be b(8). Let y = o - -2. Let m(h) = -h + 1. Give m(y).
3
Let c(n) be the third derivative of -n**6/120 - n**5/20 + n**4/8 + n**3/6 + 20*n**2. What is c(-4)?
5
Let d(t) = -t**3 + 10*t**2 - 8*t - 9. Let x be d(9). Suppose x*a = -2*a - 2. Let q(f) = 5*f - 1. Give q(a).
-6
Let t(k) be the third derivative of 5/6*k**3 + 0 + 1/60*k**5 - 7/24*k**4 + 0*k - 7*k**2. Determine t(4).
-7
Let z(x) = x + 1. Let t be z(-2). Let g be (t + 2 - 6)*-1. Let q(h) = -4*h - 7 + g*h - 2*h. What is q(0)?
-7
Let j(t) = t**2 + 4. Let i be j(0). Suppose 0*d + i = d. Suppose -2*x - 2 = 0, d*f = 3*f - x - 3. Let y(w) = w**2 + 3*w + 3. Determine y(f).
1
Let q(b) = b**2 + 6*b + 6. Suppose 2*p - 5*u - 145 = -0*u, -35 = -p - 5*u. Let i be (-2)/3*p/8. Give q(i).
1
Let h(m) = -m - 1. Let r be h(-6). Suppose 0*t + r*t = -25. Let n(u) = u**3 + 4*u**2 - 4*u - 2. Determine n(t).
-7
Suppose d - 3 = -0. Let k(q) = -q**3 - 3*q + d*q + 4*q**2 + 7*q. What is k(5)?
10
Suppose 0 = -2*p + 2*n + 6, -5*n = 5. Suppose 4 = 4*t - p*t. Let u(c) = 3 + c - 2 + t. What is u(0)?
3
Suppose i = 3*c - 2*c + 7, 2*i - 20 = -4*c. Let x = 15 - 19. Let g = i + x. Let b(q) = q**2 - 3*q - 5. What is b(g)?
-1
Let r(k) = -k**2 - 6*k + 6. Let c(o) be the first derivative of o**2 - 2*o - 2. Let v be c(-2). Give r(v).
6
Let w(h) = -h**3 - 4*h**2 - 2*h + 1. Suppose x + 9 = c - 0*c, 5*c + 18 = -4*x. Let l = 2 + x. Let j(n) = n**3 + 6*n**2 + 5*n - 2. Let k be j(l). Calculate w(k).
-3
Let g(i) = -3*i**2 + 2*i**2 - i - i**2. Determine g(2).
-10
Let w = 11 + -3. Suppose -2*o - y + 1 = 0, 2*y + w = 4*o - 6. Let b(t) = 3*t - 1. Determine b(o).
5
Let t(b) = -3 - b**3 + 2*b**2 + 1 + 1 + 2*b. Suppose 2*c = 4*s + 2, 4*s = -2*c + 5*c - 5. Determine t(c).
-4
Let q(k) be the first derivative of 2 - 4*k + 1/2*k**2. Let m(p) = -p**3 + 6*p**2 + 7*p + 3. Let s be m(7). Give q(s).
-1
Let o(g) = g**3 - 9*g**2 + g - 11. Let f = 26 + -17. Determine o(f).
-2
Let m(z) = -z + 3. Let q(l) = -l + 4. Let k(x) = -6*m(x) + 5*q(x). Let n = 1 - 6. Determine k(n).
-3
Let f(y) = -2*y - 2. Suppose -5*l = -c - 18, -3*l + 10 = 4*c - 10. Let k be ((-2)/(-5))/(3/90). Suppose l*h + 0*h = k. Calculate f(h).
-8
Let p be 2/11 + 8/(-44). Let b(k) = -3*k**2 + k + 3. Let y(v) = 7*v**2 - 2*v - 6. Let i(x) = 5*b(x) + 2*y(x). Give i(p).
3
Let h(x) be the second derivative of -x**5/20 + 2*x**4/3 + x**3/3 - 6*x**2 - x. What is h(8)?
4
Suppose -p = -2*p - 2*g - 10, 16 = -4*g. Let u be (p + 4)/(4/8). Let s(o) = -u*o**2 - 1 + 1 + 5*o**2 + 2. Determine s(0).
2
Let o(l) = -l**3 - 5*l**2 + 6*l - 6. Let s be (1 + 1)*(-13 - -10). What is o(s)?
-6
Let a(r) = -r**